{"id":2357,"date":"2025-04-14T12:28:07","date_gmt":"2025-04-14T10:28:07","guid":{"rendered":"https:\/\/www.paramedica.lt\/?page_id=2357"},"modified":"2025-05-20T12:43:15","modified_gmt":"2025-05-20T10:43:15","slug":"kramer-sinu-rinkinys","status":"publish","type":"page","link":"https:\/\/www.paramedica.lt\/index.php\/kramer-sinu-rinkinys\/","title":{"rendered":"KRAMER \u0161in\u0173 rinkinys"},"content":{"rendered":"\n<section id=\"section-1afc59b3-e4b4-49d5-81c1-f998984194fc\" class=\"wp-block-gutentor-about-block gutentor-section gutentor-about about-template1 has-color-bg has-custom-bg g-pos-r-desktop g-pos-d-tablet g-pos-d-mobile\"><div class=\"grid-container\"><div class=\"gutentor-grid-item-wrap\"><div class=\"gutentor-single-item\"><div class=\"grid-row\"><div class=\"grid-md-6 about-grid\"><div class=\"gutentor-single-item-image-box\"><div class=\"gutentor-image-thumb\"><img data-recalc-dims=\"1\" fetchpriority=\"high\" decoding=\"async\" class=\"normal-image\" src=\"https:\/\/i0.wp.com\/www.paramedica.lt\/wp-content\/uploads\/2025\/04\/4b08229861a2c63b4264f13e975e37c87406a080a5fb648b7cbaf0b48d2352d0_169c7503-4ee1-4f4d-819f-01c41573fda5_900x.webp?resize=640%2C640&#038;ssl=1\" alt=\"\" height=\"640\" width=\"640\"\/><div class=\"overlay\"><\/div><\/div><\/div><\/div><div class=\"grid-md-6 about-grid\"><div class=\"gutentor-single-item-content\"><div class=\"gutentor-about-content\"><h3 class=\"gutentor-single-item-title\"><strong>KRAMER \u0161in\u0173 rinkinys<\/strong><\/h3><p class=\"gutentor-single-item-desc\"><strong>KRAMER \u012ftvarai<\/strong> \u2013 tai formuojami ortopediniai \u012ftvarai, skirti imobilizuoti l\u016b\u017eusias gal\u016bnes. Jie pagaminti i\u0161 tvirto, lankstaus metalinio r\u0117mo, kur\u012f galima lengvai pritaikyti prie paciento gal\u016bn\u0117s formos ir pad\u0117ties. Galimos dvi spalvin\u0117s versijos: m\u0117lyna ir raudona su u\u017era\u0161u <strong>PSP<\/strong>.<\/p><\/div><\/div><\/div><\/div><\/div><\/div><\/div><\/section>\n\n\n\n<section id=\"section-g-lbh7n6e\" class=\"wp-block-gutentor-gallery gutentor-section gutentor-gallery gutentor-gallery-wrapper enable-masonry gallery-template2 g-pos-r-desktop g-pos-d-tablet g-pos-d-mobile\"><div class=\"grid-container\"><div class=\"gutentor-block-header\"><div class=\"gutentor-section-title text-center\"><h2 class=\"gutentor-title\"><\/h2><\/div><\/div><div class=\"grid-row gutentor-grid-item-wrap full-width-row\"><div class=\"gutentor-gallery-item grid-lg-2 grid-md-4 grid-4\"><div class=\"gutentor-single-item gutentor-image gutentor-single-item-0\"><div class=\"gutentor-gallery-item-wrap\"><div class=\"gutentor-single-item-image-box\"><div class=\"gutentor-image-thumb\"><img data-recalc-dims=\"1\" fetchpriority=\"high\" decoding=\"async\" class=\"normal-image\" src=\"https:\/\/i0.wp.com\/www.paramedica.lt\/wp-content\/uploads\/2025\/04\/4b08229861a2c63b4264f13e975e37c87406a080a5fb648b7cbaf0b48d2352d0_169c7503-4ee1-4f4d-819f-01c41573fda5_900x.webp?resize=640%2C640&#038;ssl=1\" alt=\"\" height=\"640\" width=\"640\"\/><div class=\"overlay\"><\/div><\/div><\/div><div class=\"gutentor-single-item-content\"><div class=\"gutentor-gallery-item-header\"><a href=\"https:\/\/www.paramedica.lt\/wp-content\/uploads\/2025\/04\/4b08229861a2c63b4264f13e975e37c87406a080a5fb648b7cbaf0b48d2352d0_169c7503-4ee1-4f4d-819f-01c41573fda5_900x.webp\" class=\"image-gallery\"><i class=\"gallery-icon fas fa-font-awesome-logo-full\"><\/i><\/a><\/div><div class=\"gutentor-gallery-item-desc\"><\/div><\/div><\/div><\/div><\/div><\/div><\/div><\/section>\n\n\n\n<section id=\"ee1ad8\" class=\"section-ee1ad8 gutentor-module gutentor-module-accordion g-pos-r-desktop g-pos-d-tablet g-pos-d-mobile g-pos-custom-desktop\"><div class=\"grid-container\">\n<div id=\"cb1c6c\" class=\"wp-block-gutentor-m6-item section-cb1c6c gutentor-module gutentor-module-accordion-item\"><div class=\"gutentor-module-accordion-panel g-a-panel-ee1ad8\"><div tabindex=\"0\" class=\"gm-ah-ee1ad8 gutentor-module-accordion-item-heading gutentor-module-icon-position-right\"><span class=\"gutentor-module-accordion-panel-handler\" role=\"button\"><span class=\"gutentor-module-accordion-panel-handler-label\"><strong>Detalus<\/strong> <strong>apra\u0161ymas<\/strong><\/span><span class=\"gutentor-module-accordion-icon\"><i class=\"gm-aio-ee1ad8 gutentor-module-accordion-icon-open fas fa-plus\"><\/i><i class=\"gm-aic-ee1ad8 gutentor-module-accordion-icon-close fas fa-minus\"><\/i><\/span><\/span><\/div><div class=\"gm-ab-ee1ad8 gutentor-module-accordion-body\">\n<div id=\"section-g72290f\" class=\"wp-block-gutentor-e0 section-g72290f gutentor-element gutentor-element-advanced-text\"><div class=\"gutentor-text-wrap\"><p class=\"gutentor-text\"><strong>Detalus apra\u0161ymas:<\/strong><br>KRAMER \u012ftvarai padengti lengvai plaunamu plastikiniu u\u017evalkalu, kuris i\u0161 vidaus i\u0161klotas pamink\u0161tinimu i\u0161 kempin\u0117s \u2013 tai u\u017etikrina komfort\u0105 pacientui ir esteti\u0161k\u0105 i\u0161vaizd\u0105. Med\u017eiagos tinkamos sterilizuoti tiek skys\u010diuose, tiek autoklave, tod\u0117l \u012ftvarai puikiai tinka pakartotiniam naudojimui medicinin\u0117je aplinkoje.<br>Rinkin\u012f sudaro 14 b\u0117gi\u0173, pagamint\u0173 i\u0161 9 skirting\u0173 dyd\u017ei\u0173, kartu su dang\u010diais bei specialiu krep\u0161iu, pagamintu i\u0161 patvarios <strong>Cordura\u00ae<\/strong> med\u017eiagos. Krep\u0161yje \u012frengti vidiniai skyriai, skirti patogiam b\u0117gi\u0173 laikymui ir greitam pa\u0117mimui.<br><br><strong>Komplektacija:<\/strong><br>\u2022 14 Kramer \u012ftvar\u0173 (9 skirtingi dyd\u017eiai)<br>\u2022 Pilnas b\u0117gi\u0173 u\u017evalkal\u0173 komplektas<br>\u2022 Transportavimo krep\u0161ys su skyreliais (Cordura\u00ae med\u017eiaga)<br><br><strong>Konstrukcija:<\/strong><br>\u2022 Metalinis, formuojamas r\u0117mas \u2013 lengvai pritaikomas prie gal\u016bn\u0117s<br>\u2022 U\u017evalkalas:<br>\u2003\u2013 i\u0161 plastiko, lengvai valomas<br>\u2003\u2013 i\u0161 vidaus \u2013 kempin\u0117s pamink\u0161tinimas<br>\u2022 Vidin\u0117s si\u016bl\u0117s \u2013 didesniam atsparumui ir higienai<br>\u2022 Galimyb\u0117 sterilizuoti skys\u010diuose ir autoklave<br><br><strong>Galimos spalvos:<\/strong><br>\u2022 M\u0117lyna<br>\u2022 Raudona su u\u017era\u0161u <strong>PSP<\/strong><\/p><\/div><\/div>\n<\/div><\/div><\/div>\n\n\n\n<div id=\"b04c70\" class=\"wp-block-gutentor-m6-item section-b04c70 gutentor-module gutentor-module-accordion-item\"><div class=\"gutentor-module-accordion-panel g-a-panel-ee1ad8\"><div tabindex=\"0\" class=\"gm-ah-ee1ad8 gutentor-module-accordion-item-heading gutentor-module-icon-position-right\"><span class=\"gutentor-module-accordion-panel-handler\" role=\"button\"><span class=\"gutentor-module-accordion-panel-handler-label\"><strong>Techniniai parametrai<\/strong><\/span><span class=\"gutentor-module-accordion-icon\"><i class=\"gm-aio-ee1ad8 gutentor-module-accordion-icon-open fas fa-plus\"><\/i><i class=\"gm-aic-ee1ad8 gutentor-module-accordion-icon-close fas fa-minus\"><\/i><\/span><\/span><\/div><div class=\"gm-ab-ee1ad8 gutentor-module-accordion-body\">\n<div id=\"section-g45c243\" class=\"wp-block-gutentor-e0 section-g45c243 gutentor-element gutentor-element-advanced-text\"><div class=\"gutentor-text-wrap\"><p class=\"gutentor-text\">1500 \u00d7 120 mm \u2013 2 vnt.<br>1200 \u00d7 120 mm \u2013 1 vnt.<br>1000 \u00d7 100 mm \u2013 1 vnt.<br>900 \u00d7 120 mm \u2013 2 vnt.<br>800 \u00d7 120 mm \u2013 1 vnt.<br>800 \u00d7 100 mm \u2013 1 vnt.<br>700 \u00d7 70 mm \u2013 2 vnt.<br>600 \u00d7 70 mm \u2013 2 vnt.<br>250 \u00d7 50 mm \u2013 2 vnt.<\/p><\/div><\/div>\n<\/div><\/div><\/div>\n<\/div><\/section>\n\n\n\n<p><\/p>\n","protected":false},"excerpt":{"rendered":"","protected":false},"author":1,"featured_media":0,"parent":0,"menu_order":0,"comment_status":"closed","ping_status":"closed","template":"","meta":{"footnotes":""},"class_list":["post-2357","page","type-page","status-publish","hentry"],"yoast_head":"<!-- This site is optimized with the Yoast SEO plugin v27.6 - https:\/\/yoast.com\/product\/yoast-seo-wordpress\/ -->\n<title>KRAMER \u0161in\u0173 rinkinys - Paramedica Lietuva. Daugkartinis, sterilizuojamas sprendimas<\/title>\n<meta name=\"description\" content=\"Kokybi\u0161kas Kramer \u012ftvar\u0173 rinkinys \u2013 14 formuojam\u0173 \u012ftvar\u0173 su pamink\u0161tinimu, tinkam\u0173 sterilizavimui. Skirtas profesionaliam naudojimui.\" \/>\n<meta name=\"robots\" content=\"index, follow, max-snippet:-1, max-image-preview:large, max-video-preview:-1\" \/>\n<link rel=\"canonical\" href=\"https:\/\/www.paramedica.lt\/index.php\/kramer-sinu-rinkinys\/\" \/>\n<meta property=\"og:locale\" content=\"lt_LT\" \/>\n<meta property=\"og:type\" content=\"article\" \/>\n<meta property=\"og:title\" content=\"KRAMER \u0161in\u0173 rinkinys - Paramedica Lietuva. Daugkartinis, sterilizuojamas sprendimas\" \/>\n<meta property=\"og:description\" content=\"Kokybi\u0161kas Kramer \u012ftvar\u0173 rinkinys \u2013 14 formuojam\u0173 \u012ftvar\u0173 su pamink\u0161tinimu, tinkam\u0173 sterilizavimui. Skirtas profesionaliam naudojimui.\" \/>\n<meta property=\"og:url\" content=\"https:\/\/www.paramedica.lt\/index.php\/kramer-sinu-rinkinys\/\" \/>\n<meta property=\"og:site_name\" content=\"Paramedica Lietuva\" \/>\n<meta property=\"article:modified_time\" content=\"2025-05-20T10:43:15+00:00\" \/>\n<meta property=\"og:image\" content=\"https:\/\/www.paramedica.lt\/wp-content\/uploads\/2025\/04\/4b08229861a2c63b4264f13e975e37c87406a080a5fb648b7cbaf0b48d2352d0_169c7503-4ee1-4f4d-819f-01c41573fda5_900x.webp\" \/>\n<meta name=\"twitter:card\" content=\"summary_large_image\" \/>\n<meta name=\"twitter:label1\" content=\"Est. reading time\" \/>\n\t<meta name=\"twitter:data1\" content=\"1 minut\u0117\" \/>\n<script type=\"application\/ld+json\" class=\"yoast-schema-graph\">{\"@context\":\"https:\\\/\\\/schema.org\",\"@graph\":[{\"@type\":\"WebPage\",\"@id\":\"https:\\\/\\\/www.paramedica.lt\\\/index.php\\\/kramer-sinu-rinkinys\\\/\",\"url\":\"https:\\\/\\\/www.paramedica.lt\\\/index.php\\\/kramer-sinu-rinkinys\\\/\",\"name\":\"KRAMER \u0161in\u0173 rinkinys - Paramedica Lietuva. Daugkartinis, sterilizuojamas sprendimas\",\"isPartOf\":{\"@id\":\"https:\\\/\\\/www.paramedica.lt\\\/#website\"},\"primaryImageOfPage\":{\"@id\":\"https:\\\/\\\/www.paramedica.lt\\\/index.php\\\/kramer-sinu-rinkinys\\\/#primaryimage\"},\"image\":{\"@id\":\"https:\\\/\\\/www.paramedica.lt\\\/index.php\\\/kramer-sinu-rinkinys\\\/#primaryimage\"},\"thumbnailUrl\":\"https:\\\/\\\/www.paramedica.lt\\\/wp-content\\\/uploads\\\/2025\\\/04\\\/4b08229861a2c63b4264f13e975e37c87406a080a5fb648b7cbaf0b48d2352d0_169c7503-4ee1-4f4d-819f-01c41573fda5_900x.webp\",\"datePublished\":\"2025-04-14T10:28:07+00:00\",\"dateModified\":\"2025-05-20T10:43:15+00:00\",\"description\":\"Kokybi\u0161kas Kramer \u012ftvar\u0173 rinkinys \u2013 14 formuojam\u0173 \u012ftvar\u0173 su pamink\u0161tinimu, tinkam\u0173 sterilizavimui. Skirtas profesionaliam naudojimui.\",\"breadcrumb\":{\"@id\":\"https:\\\/\\\/www.paramedica.lt\\\/index.php\\\/kramer-sinu-rinkinys\\\/#breadcrumb\"},\"inLanguage\":\"lt-LT\",\"potentialAction\":[{\"@type\":\"ReadAction\",\"target\":[\"https:\\\/\\\/www.paramedica.lt\\\/index.php\\\/kramer-sinu-rinkinys\\\/\"]}]},{\"@type\":\"ImageObject\",\"inLanguage\":\"lt-LT\",\"@id\":\"https:\\\/\\\/www.paramedica.lt\\\/index.php\\\/kramer-sinu-rinkinys\\\/#primaryimage\",\"url\":\"https:\\\/\\\/www.paramedica.lt\\\/wp-content\\\/uploads\\\/2025\\\/04\\\/4b08229861a2c63b4264f13e975e37c87406a080a5fb648b7cbaf0b48d2352d0_169c7503-4ee1-4f4d-819f-01c41573fda5_900x.webp\",\"contentUrl\":\"https:\\\/\\\/www.paramedica.lt\\\/wp-content\\\/uploads\\\/2025\\\/04\\\/4b08229861a2c63b4264f13e975e37c87406a080a5fb648b7cbaf0b48d2352d0_169c7503-4ee1-4f4d-819f-01c41573fda5_900x.webp\"},{\"@type\":\"BreadcrumbList\",\"@id\":\"https:\\\/\\\/www.paramedica.lt\\\/index.php\\\/kramer-sinu-rinkinys\\\/#breadcrumb\",\"itemListElement\":[{\"@type\":\"ListItem\",\"position\":1,\"name\":\"Paramedica\",\"item\":\"https:\\\/\\\/www.paramedica.lt\\\/\"},{\"@type\":\"ListItem\",\"position\":2,\"name\":\"KRAMER \u0161in\u0173 rinkinys\"}]},{\"@type\":\"WebSite\",\"@id\":\"https:\\\/\\\/www.paramedica.lt\\\/#website\",\"url\":\"https:\\\/\\\/www.paramedica.lt\\\/\",\"name\":\"Paramedica Lietuva\",\"description\":\"R\u016bpinam\u0117s teikian\u010diais pagalb\u0105\",\"publisher\":{\"@id\":\"https:\\\/\\\/www.paramedica.lt\\\/#organization\"},\"potentialAction\":[{\"@type\":\"SearchAction\",\"target\":{\"@type\":\"EntryPoint\",\"urlTemplate\":\"https:\\\/\\\/www.paramedica.lt\\\/?s={search_term_string}\"},\"query-input\":{\"@type\":\"PropertyValueSpecification\",\"valueRequired\":true,\"valueName\":\"search_term_string\"}}],\"inLanguage\":\"lt-LT\"},{\"@type\":\"Organization\",\"@id\":\"https:\\\/\\\/www.paramedica.lt\\\/#organization\",\"name\":\"Paramedica Lietuva\",\"url\":\"https:\\\/\\\/www.paramedica.lt\\\/\",\"logo\":{\"@type\":\"ImageObject\",\"inLanguage\":\"lt-LT\",\"@id\":\"https:\\\/\\\/www.paramedica.lt\\\/#\\\/schema\\\/logo\\\/image\\\/\",\"url\":\"https:\\\/\\\/i0.wp.com\\\/www.paramedica.lt\\\/wp-content\\\/uploads\\\/2021\\\/11\\\/logo_paramedica-lietuva.png?fit=216%2C116&ssl=1\",\"contentUrl\":\"https:\\\/\\\/i0.wp.com\\\/www.paramedica.lt\\\/wp-content\\\/uploads\\\/2021\\\/11\\\/logo_paramedica-lietuva.png?fit=216%2C116&ssl=1\",\"width\":216,\"height\":116,\"caption\":\"Paramedica Lietuva\"},\"image\":{\"@id\":\"https:\\\/\\\/www.paramedica.lt\\\/#\\\/schema\\\/logo\\\/image\\\/\"}}]}<\/script>\n<!-- \/ Yoast SEO plugin. -->","yoast_head_json":{"title":"KRAMER \u0161in\u0173 rinkinys - Paramedica Lietuva. Daugkartinis, sterilizuojamas sprendimas","description":"Kokybi\u0161kas Kramer \u012ftvar\u0173 rinkinys \u2013 14 formuojam\u0173 \u012ftvar\u0173 su pamink\u0161tinimu, tinkam\u0173 sterilizavimui. Skirtas profesionaliam naudojimui.","robots":{"index":"index","follow":"follow","max-snippet":"max-snippet:-1","max-image-preview":"max-image-preview:large","max-video-preview":"max-video-preview:-1"},"canonical":"https:\/\/www.paramedica.lt\/index.php\/kramer-sinu-rinkinys\/","og_locale":"lt_LT","og_type":"article","og_title":"KRAMER \u0161in\u0173 rinkinys - Paramedica Lietuva. Daugkartinis, sterilizuojamas sprendimas","og_description":"Kokybi\u0161kas Kramer \u012ftvar\u0173 rinkinys \u2013 14 formuojam\u0173 \u012ftvar\u0173 su pamink\u0161tinimu, tinkam\u0173 sterilizavimui. Skirtas profesionaliam naudojimui.","og_url":"https:\/\/www.paramedica.lt\/index.php\/kramer-sinu-rinkinys\/","og_site_name":"Paramedica Lietuva","article_modified_time":"2025-05-20T10:43:15+00:00","og_image":[{"url":"https:\/\/www.paramedica.lt\/wp-content\/uploads\/2025\/04\/4b08229861a2c63b4264f13e975e37c87406a080a5fb648b7cbaf0b48d2352d0_169c7503-4ee1-4f4d-819f-01c41573fda5_900x.webp","type":"","width":"","height":""}],"twitter_card":"summary_large_image","twitter_misc":{"Est. reading time":"1 minut\u0117"},"schema":{"@context":"https:\/\/schema.org","@graph":[{"@type":"WebPage","@id":"https:\/\/www.paramedica.lt\/index.php\/kramer-sinu-rinkinys\/","url":"https:\/\/www.paramedica.lt\/index.php\/kramer-sinu-rinkinys\/","name":"KRAMER \u0161in\u0173 rinkinys - Paramedica Lietuva. Daugkartinis, sterilizuojamas sprendimas","isPartOf":{"@id":"https:\/\/www.paramedica.lt\/#website"},"primaryImageOfPage":{"@id":"https:\/\/www.paramedica.lt\/index.php\/kramer-sinu-rinkinys\/#primaryimage"},"image":{"@id":"https:\/\/www.paramedica.lt\/index.php\/kramer-sinu-rinkinys\/#primaryimage"},"thumbnailUrl":"https:\/\/www.paramedica.lt\/wp-content\/uploads\/2025\/04\/4b08229861a2c63b4264f13e975e37c87406a080a5fb648b7cbaf0b48d2352d0_169c7503-4ee1-4f4d-819f-01c41573fda5_900x.webp","datePublished":"2025-04-14T10:28:07+00:00","dateModified":"2025-05-20T10:43:15+00:00","description":"Kokybi\u0161kas Kramer \u012ftvar\u0173 rinkinys \u2013 14 formuojam\u0173 \u012ftvar\u0173 su pamink\u0161tinimu, tinkam\u0173 sterilizavimui. Skirtas profesionaliam naudojimui.","breadcrumb":{"@id":"https:\/\/www.paramedica.lt\/index.php\/kramer-sinu-rinkinys\/#breadcrumb"},"inLanguage":"lt-LT","potentialAction":[{"@type":"ReadAction","target":["https:\/\/www.paramedica.lt\/index.php\/kramer-sinu-rinkinys\/"]}]},{"@type":"ImageObject","inLanguage":"lt-LT","@id":"https:\/\/www.paramedica.lt\/index.php\/kramer-sinu-rinkinys\/#primaryimage","url":"https:\/\/www.paramedica.lt\/wp-content\/uploads\/2025\/04\/4b08229861a2c63b4264f13e975e37c87406a080a5fb648b7cbaf0b48d2352d0_169c7503-4ee1-4f4d-819f-01c41573fda5_900x.webp","contentUrl":"https:\/\/www.paramedica.lt\/wp-content\/uploads\/2025\/04\/4b08229861a2c63b4264f13e975e37c87406a080a5fb648b7cbaf0b48d2352d0_169c7503-4ee1-4f4d-819f-01c41573fda5_900x.webp"},{"@type":"BreadcrumbList","@id":"https:\/\/www.paramedica.lt\/index.php\/kramer-sinu-rinkinys\/#breadcrumb","itemListElement":[{"@type":"ListItem","position":1,"name":"Paramedica","item":"https:\/\/www.paramedica.lt\/"},{"@type":"ListItem","position":2,"name":"KRAMER \u0161in\u0173 rinkinys"}]},{"@type":"WebSite","@id":"https:\/\/www.paramedica.lt\/#website","url":"https:\/\/www.paramedica.lt\/","name":"Paramedica Lietuva","description":"R\u016bpinam\u0117s teikian\u010diais pagalb\u0105","publisher":{"@id":"https:\/\/www.paramedica.lt\/#organization"},"potentialAction":[{"@type":"SearchAction","target":{"@type":"EntryPoint","urlTemplate":"https:\/\/www.paramedica.lt\/?s={search_term_string}"},"query-input":{"@type":"PropertyValueSpecification","valueRequired":true,"valueName":"search_term_string"}}],"inLanguage":"lt-LT"},{"@type":"Organization","@id":"https:\/\/www.paramedica.lt\/#organization","name":"Paramedica Lietuva","url":"https:\/\/www.paramedica.lt\/","logo":{"@type":"ImageObject","inLanguage":"lt-LT","@id":"https:\/\/www.paramedica.lt\/#\/schema\/logo\/image\/","url":"https:\/\/i0.wp.com\/www.paramedica.lt\/wp-content\/uploads\/2021\/11\/logo_paramedica-lietuva.png?fit=216%2C116&ssl=1","contentUrl":"https:\/\/i0.wp.com\/www.paramedica.lt\/wp-content\/uploads\/2021\/11\/logo_paramedica-lietuva.png?fit=216%2C116&ssl=1","width":216,"height":116,"caption":"Paramedica Lietuva"},"image":{"@id":"https:\/\/www.paramedica.lt\/#\/schema\/logo\/image\/"}}]}},"jetpack-related-posts":[{"id":956,"url":"https:\/\/www.paramedica.lt\/index.php\/imobilizavimas-kariuomenei\/","url_meta":{"origin":2357,"position":0},"title":"Imobilizavimas kariuomenei","author":"admin","date":"4 kovo, 2025","format":false,"excerpt":"KED ortopedin\u0117 liemen\u0117 Ortopedinis kaklo \u012ftvaras WIZLOC KRAMER \u0161in\u0173 rinkinys Vakumini\u0173 \u012ftvar\u0173 rinkinys Ferno Pedi Mate Plus Ferno XT PRO ekstrikacijos sistema Germa EasyFix Plus II vakuuminis \u010diu\u017einys Germa Rescue Lite viso k\u016bno vakuuminis \u012ftvaras Ferno B-Lock galvos imobilizatorius SAM\u00ae Pelvic Sling II ortopedinis dubens \u012ftvaras Ortopedinis kaklo \u012ftvaras Stifneck\u00ae\u2026","rel":"","context":"Similar post","block_context":{"text":"Similar post","link":""},"img":{"alt_text":"","src":"","width":0,"height":0},"classes":[]},{"id":954,"url":"https:\/\/www.paramedica.lt\/index.php\/imobilizavimas-ligoninei\/","url_meta":{"origin":2357,"position":1},"title":"Imobilizavimas ligoninei","author":"admin","date":"4 kovo, 2025","format":false,"excerpt":"KED ortopedin\u0117 liemen\u0117 Ortopedinis kaklo \u012ftvaras WIZLOC KRAMER \u0161in\u0173 rinkinys Vakumini\u0173 \u012ftvar\u0173 rinkinys Tempiamasis \u012ftvar\u0173 (suaugusiems) FERNO Slovakia Tempiamasis \u012ftvar\u0173 (vaikams) FERNO Slovakia Ferno NeoMate k\u016bdiki\u0173 tvirtinimo sistema Ortopedinis kaklo \u012ftvaras Stifneck\u00ae Select\u2122 Ferno Pedi Mate Plus Ferno XT PRO ekstrikacijos sistema Germa EasyFix Plus II vakuuminis \u010diu\u017einys Germa Rescue\u2026","rel":"","context":"Similar post","block_context":{"text":"Similar post","link":""},"img":{"alt_text":"","src":"","width":0,"height":0},"classes":[]},{"id":952,"url":"https:\/\/www.paramedica.lt\/index.php\/imobilizavimas-gmp\/","url_meta":{"origin":2357,"position":2},"title":"Imobilizavimas GMP","author":"admin","date":"4 kovo, 2025","format":false,"excerpt":"KED ortopedin\u0117 liemen\u0117 Ortopedinis kaklo \u012ftvaras WIZLOC KRAMER \u0161in\u0173 rinkinys Vakumini\u0173 \u012ftvar\u0173 rinkinys Tempiamasis \u012ftvar\u0173 (suaugusiems) FERNO Slovakia Tempiamasis \u012ftvar\u0173 (vaikams) FERNO Slovakia Ferno NeoMate k\u016bdiki\u0173 tvirtinimo sistema Ortopedinis kaklo \u012ftvaras Stifneck\u00ae Select\u2122 Ferno Pedi Mate Plus Ferno XT PRO ekstrikacijos sistema Germa EasyFix Plus II vakuuminis \u010diu\u017einys Germa Rescue\u2026","rel":"","context":"Similar post","block_context":{"text":"Similar post","link":""},"img":{"alt_text":"","src":"","width":0,"height":0},"classes":[]},{"id":3959,"url":"https:\/\/www.paramedica.lt\/index.php\/quickaids-paramediko-pirmosios-pagalbos-rinkinys\/","url_meta":{"origin":2357,"position":3},"title":"QUICKAID\u2019S paramediko pirmosios pagalbos rinkinys","author":"admin","date":"23 sausio, 2026","format":false,"excerpt":"QUICKAID\u2019S paramediko pirmosios pagalbos rinkinysParamediko pirmosios pagalbos rinkinys QUICKAID\u2019S \u2013 talpus, patvarus ir pritaikytas intensyviam darbui, su MOLLE sistema ir i\u0161maniu vidiniu i\u0161d\u0117stymu.U\u017dSISAKYTI Detalus apra\u0161ymas Didel\u0117s talpos paramediko pirmosios pagalbos rinkinys, skirtas savipagalbos ir skubios medicinin\u0117s pagalbos priemoni\u0173 transportavimui. D\u0117l savo dyd\u017eio ir i\u0161manaus vidinio i\u0161d\u0117stymo rinkinys leid\u017eia greitai pasiekti\u2026","rel":"","context":"Similar post","block_context":{"text":"Similar post","link":""},"img":{"alt_text":"","src":"https:\/\/i0.wp.com\/www.paramedica.lt\/wp-content\/uploads\/2026\/01\/IMG_6335.jpeg?resize=350%2C200&ssl=1","width":350,"height":200,"srcset":"https:\/\/i0.wp.com\/www.paramedica.lt\/wp-content\/uploads\/2026\/01\/IMG_6335.jpeg?resize=350%2C200&ssl=1 1x, https:\/\/i0.wp.com\/www.paramedica.lt\/wp-content\/uploads\/2026\/01\/IMG_6335.jpeg?resize=525%2C300&ssl=1 1.5x, https:\/\/i0.wp.com\/www.paramedica.lt\/wp-content\/uploads\/2026\/01\/IMG_6335.jpeg?resize=700%2C400&ssl=1 2x, https:\/\/i0.wp.com\/www.paramedica.lt\/wp-content\/uploads\/2026\/01\/IMG_6335.jpeg?resize=1050%2C600&ssl=1 3x"},"classes":[]},{"id":3969,"url":"https:\/\/www.paramedica.lt\/index.php\/pirmosios-pagalbos-rinkinys\/","url_meta":{"origin":2357,"position":4},"title":"Pirmosios pagalbos rinkinys","author":"admin","date":"23 sausio, 2026","format":false,"excerpt":"Pirmosios pagalbos rinkinysPirmosios pagalbos rinkinys i\u0161 650D CORDURA su MOLLE sistema \u2013 kompakti\u0161kas, patikimas ir pritaikytas greitai reakcijai ekstremali\u0173 situacij\u0173 metu.U\u017dSISAKYTI Detalus apra\u0161ymas \u0160is pirmosios pagalbos rinkinys sukurtas tam, kad b\u016bt\u0173 galima efektyviai reaguoti \u012f \u012fvairias kraujavimo ir hemostatines ekstremalias situacijas.\u00a0Rinkinys gali b\u016bti tvirtinamas prie rankos man\u017eet\u0117s naudojant dvi \u201eVelcro\u201c\u2026","rel":"","context":"Similar post","block_context":{"text":"Similar post","link":""},"img":{"alt_text":"","src":"https:\/\/i0.wp.com\/www.paramedica.lt\/wp-content\/uploads\/2026\/01\/IMG_6330.jpg?resize=350%2C200&ssl=1","width":350,"height":200,"srcset":"https:\/\/i0.wp.com\/www.paramedica.lt\/wp-content\/uploads\/2026\/01\/IMG_6330.jpg?resize=350%2C200&ssl=1 1x, https:\/\/i0.wp.com\/www.paramedica.lt\/wp-content\/uploads\/2026\/01\/IMG_6330.jpg?resize=525%2C300&ssl=1 1.5x, https:\/\/i0.wp.com\/www.paramedica.lt\/wp-content\/uploads\/2026\/01\/IMG_6330.jpg?resize=700%2C400&ssl=1 2x, https:\/\/i0.wp.com\/www.paramedica.lt\/wp-content\/uploads\/2026\/01\/IMG_6330.jpg?resize=1050%2C600&ssl=1 3x"},"classes":[]},{"id":4039,"url":"https:\/\/www.paramedica.lt\/index.php\/krepsiai-kariuomenei\/","url_meta":{"origin":2357,"position":5},"title":"Krep\u0161iai kariuomenei","author":"admin","date":"21 baland\u017eio, 2026","format":false,"excerpt":"QUICKAID\u2019S paramediko pirmosios pagalbos rinkinys Pirmosios pagalbos rinkinys Kuprin\u0117 PARAMEDs, EB10.134 Kovin\u0117 kuprin\u0117 specialiosioms operacijoms ELITE BAGS COMBAT COMPACT kuprin\u0117","rel":"","context":"Similar post","block_context":{"text":"Similar post","link":""},"img":{"alt_text":"","src":"","width":0,"height":0},"classes":[]}],"jetpack_sharing_enabled":true,"_links":{"self":[{"href":"https:\/\/www.paramedica.lt\/index.php\/wp-json\/wp\/v2\/pages\/2357","targetHints":{"allow":["GET"]}}],"collection":[{"href":"https:\/\/www.paramedica.lt\/index.php\/wp-json\/wp\/v2\/pages"}],"about":[{"href":"https:\/\/www.paramedica.lt\/index.php\/wp-json\/wp\/v2\/types\/page"}],"author":[{"embeddable":true,"href":"https:\/\/www.paramedica.lt\/index.php\/wp-json\/wp\/v2\/users\/1"}],"replies":[{"embeddable":true,"href":"https:\/\/www.paramedica.lt\/index.php\/wp-json\/wp\/v2\/comments?post=2357"}],"version-history":[{"count":3,"href":"https:\/\/www.paramedica.lt\/index.php\/wp-json\/wp\/v2\/pages\/2357\/revisions"}],"predecessor-version":[{"id":2865,"href":"https:\/\/www.paramedica.lt\/index.php\/wp-json\/wp\/v2\/pages\/2357\/revisions\/2865"}],"wp:attachment":[{"href":"https:\/\/www.paramedica.lt\/index.php\/wp-json\/wp\/v2\/media?parent=2357"}],"curies":[{"name":"wp","href":"https:\/\/api.w.org\/{rel}","templated":true}]}}